
5
Let x(h) = -h + 3*h - 5*h + 1. Let c be (4/(-6))/(5/(-15)). Suppose -c*u = 5*r - 1, 0*r + 5*r = 3*u - 14. What is x(r)?
4
Suppose -k = 6*k. Let t(q) = q - 7. Determine t(k).
-7
Let w(s) = -s**3 + 6*s**2 - 4*s + 1. Let d(b) be the third derivative of -b**4/8 - b**3/6 + b**2. Let l be d(1). Let k be l/14 - 74/(-14). Calculate w(k).
6
Suppose -b = 3*c + 10, 6*c = -5*b + 2*c + 5. Suppose 5*x - 24 = -2*m, 3 = m - b*x + 21. Let z(o) = -3*o**2 + 3*o - 2. Determine z(m).
-8
Let a(h) be the second derivative of -h**3/2 + 3*h**2/2 + h. Let m(o) = o**3 + 2*o**2 - 1. Let i be m(1). Determine a(i).
-3
Let n(y) = -y**2 - y + 2. Suppose -2 = -x + 1. Calculate n(x).
-10
Suppose -6*u = -4 - 14. Let d(w) = -2*w - 4. Let g be ((-2)/(-4))/(3/(-24)). Let r(s) = s + 3. Let h(j) = g*d(j) - 6*r(j). Calculate h(u).
4
Let j be -4 + 10 + (-1 - 1). Suppose -3*v = -6*v + o + 8, -o + 7 = 2*v. Let n(a) = a - 6*a**2 + a**v + 6*a + j - a. What is n(5)?
9
Let r(j) = j + 7. Let v be (27/45)/(2/(-10)). Give r(v).
4
Suppose 7*j + 10 = 12*j. Suppose j*q + 4 = 3*q. Let g(y) = -y**3 + 3*y**2 + 5*y - 4. Determine g(q).
0
Let f be 8/(-3)*3/(-2). Let h(b) = -f - b + 1 + 4 + b**2. Let z(c) = 5*c**2 - 9*c + 11. Let q(l) = 6*h(l) - z(l). What is q(-5)?
5
Let a(u) = -3*u + 2. Let y(f) be the second derivative of f**2/2 + 2*f. Let s(b) = a(b) - 4*y(b). Calculate s(-3).
7
Let d(i) = -i + 2. Let a be d(7). Let b(k) = -k**3 - 9*k**2 - k - 5. Let g(f) = 3*f**3 + 26*f**2 + 4*f + 15. Let s(n) = 8*b(n) + 3*g(n). Give s(a).
10
Let h(y) = -y**3 + 6*y**2 - 4*y. Let s be h(5). Let t(p) = 4*p**2 + 0*p**3 + 7 + p**3 - 4 + s*p. Let u(x) = -x**2 - 5*x + 3. Let b be u(-6). Give t(b).
-3
Let z = 0 - 0. Let j be (z - 3/9)*-3. Let s be j/(1/2) + 0. Let c(d) = -d**2 - d + 2. What is c(s)?
-4
Let c(u) = -u**3 + 3*u**2 + 3*u - 4. Suppose 0*n + 11 = -3*h - 2*n, -5*n = 5*h + 25. Suppose 0 = -4*o + o + 12. Let a = h + o. Give c(a).
5
Let u(w) = -w**3 + 4*w**2 + 6*w - 3. Suppose -4*t - 136 = -2*o, 3*t = -0*o + 5*o - 368. Suppose -3*k = -65 - o. Let b be k/9 + 6/(-27). What is u(b)?
2
Let r = -18 + 20. Let j(k) = -10*k + 1. Calculate j(r).
-19
Let l(k) be the first derivative of k**4/4 + 8*k**3/3 + k**2 + 12*k - 4. Let c = -17 + 9. What is l(c)?
-4
Let p(r) be the second derivative of 2*r + 0 - 1/6*r**3 + 1/2*r**2. Determine p(4).
-3
Let c(z) = 7*z**2 - 4*z + 1. Let d(g) = -8*g**2 + 4*g. Let j(v) = 7*c(v) + 6*d(v). Calculate j(5).
12
Let v(u) = -5*u + 4*u - 5*u - 6*u**2 + 8*u**2. Determine v(4).
8
Let x(f) = -2*f**2 + 8*f - 6. Let j(p) = p**2 - 7*p + 5. Let t(d) = 7*j(d) + 6*x(d). Determine t(-1).
-5
Let a(s) = s**3 - s**2 + s + 4. Suppose 5 = 4*y - 3. Suppose -y*z + 20 = 2*z - 4*b, z + 15 = -3*b. Give a(z).
4
Let q(i) = -i**3 + 6*i**2 + 7*i + 1. Suppose -2 = -a - 1. Suppose d + a = 8. Let m be q(d). Let n(w) = -9*w**2 + w. Calculate n(m).
-8
Let n(i) be the third derivative of i**5/60 + 7*i**4/24 - 7*i**3/6 - 53*i**2. Determine n(-7).
-7
Suppose 6*p - 4*p - i = 10, -4*i = -4*p + 16. Let s(z) = 3 - p*z + 2 + 0. Let w(j) = -11*j + 11. Let k(t) = -13*s(t) + 6*w(t). What is k(-1)?
-11
Let j(n) be the third derivative of 0 + 5/6*n**3 + 7/24*n**4 - 1/60*n**5 - 8*n**2 + 0*n. Give j(7).
5
Let a(q) be the third derivative of -q**5/60 + q**4/8 + q**3/2 + 2*q**2. What is a(4)?
-1
Let h(r) = 3*r - 9. Let u(j) = -2*j + 6. Let f be u(5). Let c be 4/f + (9 - 2). What is h(c)?
9
Let y(t) = -2*t + 11. Let u be y(4). Let f(o) = 6*o + 1. Give f(u).
19
Let z(o) = -o - 1. Let p(s) = 1. Let t(r) = -p(r) - 3*z(r). Give t(6).
20
Let n(j) = 11 - 4*j + j**2 - 13 + 7. Calculate n(6).
17
Let j be 4/(-5)*20/8. Let t(h) = h**2 + 2*h + 2. Calculate t(j).
2
Let o(g) = -g**2 + 4*g. Let a(q) = -q**2 - 3*q + 2. Let p be a(-3). Suppose p*z + 6 = -4*y, -3*z + 0*y + y = -19. Calculate o(z).
-5
Let b(a) = -2*a - 5. Let u(r) = 2*r + 4. Let n(i) = 3*b(i) + 4*u(i). Let s be n(1). Suppose f = 1 - s. Let o(l) = -l**2 - 2*l - 3. Determine o(f).
-3
Let g be -6 - (-41 - -5)/3. Let s(m) = m - m**2 + 5*m + 1 + 4. Determine s(g).
5
Suppose -2*r + 3*s - 5 = 0, 4*r + 1 = 2*s + 11. Let g(p) be the first derivative of p**4/4 - 5*p**3/3 + p**2/2 + 1. What is g(r)?
5
Let t(m) = m**3 + m - 6. Suppose 5*y + 5 + 5 = 0. Let c be ((0/(-3))/(-3))/y. Give t(c).
-6
Let p(f) = f**2 - f + 1. Let b(j) = -5*j**2 + j - 10. Let v(x) = -b(x) - 6*p(x). Let w = 7 - 2. Determine v(w).
4
Let s(j) = -j. Let z be s(6). Let w(i) be the third derivative of -i**5/60 - 7*i**4/24 + 5*i**3/6 + 9*i**2. Calculate w(z).
11
Let p = -195 + 192. Let c(i) = i**2 + 5*i + 3. Determine c(p).
-3
Let x = -19 + 14. Let f(w) be the second derivative of w**5/60 + w**4/4 + w**3/3 + w**2/2 - w. Let r(a) be the first derivative of f(a). Calculate r(x).
-3
Let a = 0 + 3. Let w(l) = 2 - a + 3*l**2 + 4*l - 2*l. Determine w(1).
4
Let t(n) be the third derivative of -n**6/120 - n**5/20 - n**4/8 - n**3/6 + 17*n**2. Determine t(-2).
1
Let s(w) = 7*w**3 + 3*w**2 - 4*w - 4. Let p(k) = 5*k - 4*k**2 - 5*k**3 + 0*k**3 - 6*k**3 + 4*k**3 + 5. Let r(n) = 4*p(n) + 5*s(n). Give r(-1).
-8
Let t(m) = -m - 13. Let o be (-76)/18 - 10/(-45). Let y = -3 + o. Give t(y).
-6
Let s(t) = t**3 - 2*t**2 - 2*t + 3. Let b(l) = -l**2 + 3*l + 2. Let a be b(-3). Let i = 19 + a. What is s(i)?
6
Let h(q) = 3*q**2 - 7*q. Let w(x) be the second derivative of 3*x**4/4 - 10*x**3/3 + 2*x. Let a(f) = -17*h(f) + 6*w(f). Give a(1).
2
Let k(w) = -w**2 + w + 1. Let v(l) = 2*l**2 + 21*l + 6. Let p(q) = -6*k(q) + v(q). Let t(j) = -4*j**2 - 7*j. Let d(c) = -4*p(c) - 9*t(c). Determine d(-2).
10
Let s = -1 - -5. Let i(v) = -3*v**2 - v - 1. Let o(x) = 5*x**2 + x + 3. Let k(m) = s*o(m) + 7*i(m). Determine k(-5).
-5
Let q = 7 + -3. Let d(u) be the second derivative of -u**4/12 + u**3/2 + 5*u**2/2 - 32*u. Determine d(q).
1
Let h(d) = d**2 + d - 3. Let o be h(-3). Let m(w) = -2*w + o*w - 2*w. Suppose -5*t - 4*x = -14, -3*x + 1 = -3*t + 4. Calculate m(t).
-2
Let h = 40 - 8. Let m be 2/(-3) + h/(-6). Let g(v) = v + 3. Calculate g(m).
-3
Let q(n) = -3*n**2 - 9*n. Let o(d) = 7*d**2 + 18*d + 1. Let a(m) = 2*o(m) + 5*q(m). Determine a(-7).
16
Let u(n) = 10*n + 1. Let y be 1 + 1 + 1 + 0. Suppose -2*c - y*o + 2*o = 7, c + 5*o = -26. Determine u(c).
-9
Let t(u) = -9 + 2*u + 5 + 2. Let l(q) = -q + 3. Let j be l(5). Give t(j).
-6
Let n(b) = -b**2 - 7*b - 5. Suppose 3*h = -2*y - 6, 0 = 3*h - 4*y + 21 + 3. Calculate n(h).
7
Let y = -51 + 46. Let w(b) = -b + 1. What is w(y)?
6
Let u(c) = -4*c**3 - 9*c**2 + 11*c + 2. Let k(b) = b**3 + b**2 - b. Let f(l) = -3*k(l) - u(l). What is f(-7)?
5
Let j be 1/(-3*2/(-12)). Let x(s) = -1. Let u(m) = -m**2 + m + 3. Let n(i) = j*x(i) + u(i). What is n(-3)?
-11
Let n(f) = f**3 - 3*f**2 - 4*f - 5. Let u be 2*-1 - 6*-1. Suppose 2*i - u*c - 18 = 0, 5*i + c - 21 = 3*c. Suppose 0 = -i*l + 2 + 10. Give n(l).
-5
Let w(f) be the third derivative of -f**4/12 - f**3/3 + 36*f**2. Give w(-8).
14
Let s = -10 + 14. Let p be (-7)/(-4) + (-2)/(-8). Let a(l) = 2 - 2 - 4*l**p + l**3 + 2*l - 5. What is a(s)?
3
Let g(u) = -u + 1. Let v(h) = 3*h - 4. Let w(c) = -5*g(c) - v(c). Let x(a) = a**3 + 3*a**2 + 3. Let s be x(-3). Suppose 2*i - s = -i. What is w(i)?
1
Let q(n) = 7*n**3 - 5*n**2 - 4*n - 4. Let f(y) = -6*y**3 + 5*y**2 + 3*y + 3. Let a(w) = -6*f(w) - 5*q(w). What is a(3)?
-10
Let q(c) = c**3 - 4*c**2 - 1. Let a = -3 - -7. Let p be (-1 - -3)*(0 + a). Suppose -b + p = b. Give q(b).
-1
Let k be ((-68)/6)/((-2)/3). Suppose -64*n + 63*n = -2. Let r(p) = 8*p**3 - n*p**2 - p - k + 17. Give r(-1).
-9
Suppose 0 = -m - 22 + 20. Let o(c) = 3*c**3 + 3*c**2 + 2*c + 1. Calculate o(m).
-15
Let o(t) = 3*t**2 - 3*t + 78 - t**3 + 2*t**2 - 79. What is o(4)?
3
Let p(v) = -v + 1. Let m(g) = 4*g - 3. Let d(j) = m(j) + 3*p(j). Let h be d(-2). Let q(w) be the third derivative of -w**4/24 - w**3/6 - w**2. Calculate q(h).
1
Let o(i) be the first derivative of i**2 + 8*i + 11. What is o(-6)?
-4
Let f(b) be the second derivative of 10*b**3/3 + 21*b. What is f(1)?
20
Let s(u) be the second derivative of u**5/20 - u**4/4 + u**3/3 - u. Let g = -17 - -19. Give s(g).
0
Let l(y) = y**2 - 6*y - 2. Suppose -1 + 13 = 4*n. Suppose -3 = -g - 7*x + 3*x, g - 10 = n*x. Determine l(g).
5
Let d(p) = 59*p**2 - 57*p**2 + 5*p - 7*p - 2. Give d(2).
2
Let u(n) = n**3 - 7*n**2 + 6*n - 6. Let r = -3 + 3. Sup